{"id":24,"date":"2020-03-25T12:48:29","date_gmt":"2020-03-25T12:48:29","guid":{"rendered":"https:\/\/ichbinbillig.at\/?page_id=24"},"modified":"2020-03-26T10:55:58","modified_gmt":"2020-03-26T10:55:58","slug":"agbs","status":"publish","type":"page","link":"https:\/\/ichbinbillig.at\/?page_id=24","title":{"rendered":"AGB"},"content":{"rendered":"\n<p>Allgemeine\nGesch\u00e4ftsbedingungen<\/p>\n\n\n\n<p><strong>1. Allgemein<\/strong><\/p>\n\n\n\n<p>1.1 Die Gesch\u00e4ftsbedingungen gelten f\u00fcr alle Gesch\u00e4ftsbeziehungen\nzwischen allen Unternehmensgegenst\u00e4nden des Einzelunternehmens von Thomas\nWinter, Ratzersdorfer Hauptstr. 30, 3100 St. P\u00f6lten, nachfolgend Agentur\ngenannt, und dem Verbraucher.<\/p>\n\n\n\n<p>1.2 Verbraucher im Sinne der Gesch\u00e4ftsbedingungen sind nat\u00fcrliche\nPersonen, mit denen in Gesch\u00e4ftsbeziehung getreten wird, ohne dass diese einer\ngewerblichen oder selbstst\u00e4ndigen beruflichen T\u00e4tigkeit zugerechnet werden\nkann.<\/p>\n\n\n\n<p>Unternehmer im Sinne dieser Gesch\u00e4ftsbedingungen sind nat\u00fcrliche oder\njuristische Personen oder rechtsf\u00e4hige Personengesellschaften, mit denen in\nGesch\u00e4ftsbeziehung getreten wird, die in Aus\u00fcbung einer gewerblichen oder\nselbst\u00e4ndigen beruflichen T\u00e4tigkeit handeln.Kunde im Sinne der\nGesch\u00e4ftsbedingungen sind sowohl Verbraucher als auch Unternehmer.<\/p>\n\n\n\n<p>1.3 Abweichende, widersprechende oder erg\u00e4nzende Allgemeine\nGesch\u00e4ftsbedingungen werden, selbst bei Kenntnis, nicht Vertragsbestandteil, es\nsei denn, ihrer Geltung wird ausdr\u00fccklich schriftlich zugestimmt.<\/p>\n\n\n\n<p><strong>2. Vertragschluss<\/strong><\/p>\n\n\n\n<p>2.1 Mit der Bestellung einer Ware erkl\u00e4rt der Kunde verbindlich, die\nbestellte Ware erwerben zu wollen.<\/p>\n\n\n\n<p>2.2 Die Agentur ist berechtigt, das in der Bestellung liegende\nVertragsangebot innerhalb von zwei Wochen nach Eingang bei uns anzunehmen. Die\nAnnahme kann entweder schriftlich oder durch Auslieferung der Ware an den\nKunden erkl\u00e4rt werden.<\/p>\n\n\n\n<p>2.3 Bestellt der Verbraucher die Ware auf elektronischem Wege, wird die\nAgentur die Bestellung unverz\u00fcglich per E-Mail best\u00e4tigen. Die Best\u00e4tigung\nstellt noch keine verbindliche Annahme der Bestellung dar.<\/p>\n\n\n\n<p>2.4 Mit Aufgabe der Bestellung best\u00e4tigt der Kunde, dass dieser bzw der\nEmpf\u00e4nger der Ware \u00e4lter als 18 Jahre ist.<\/p>\n\n\n\n<p><strong>3. Eigentumsvorbehalt<\/strong><\/p>\n\n\n\n<p>3.1 Bei Vertr\u00e4gen mit Verbrauchern behalten wir uns das Eigentum an der\nWare bis zur vollst\u00e4ndigen Zahlung des Kaufpreises vor. Bei Vertr\u00e4gen mit Unternehmern behalten wir uns das\nEigentum an der Ware bis zur vollst\u00e4ndigen Begleichung aller Forderungen aus\neiner laufenden Gesch\u00e4ftsbeziehung vor.<\/p>\n\n\n\n<p>3.2 Der Kunde ist verpflichtet, die Ware pfleglich zu behandeln, sofern\nWartungs- und Inspektionsarbeiten erforderlich sind, hat der Kunde diese auf\neigene Kosten regelm\u00e4\u00dfig durchzuf\u00fchren.<\/p>\n\n\n\n<p>3.3 Der Kunde ist verpflichtet, uns einen Zugriff Dritter auf die Ware,\netwa im Falle einer Pf\u00e4ndung, sowie etwaige Besch\u00e4digungen oder die Vernichtung\nder Ware unverz\u00fcglich mitzuteilen.<\/p>\n\n\n\n<p>3.4. Wir sind berechtigt, bei vertragswidrigem Verhalten des Kunden,\ninsbesondere bei Zahlungsverzug und bei Verletzung einer der in Ziffer 3.3 und 3.4\ndieser Bestimmung genannten Pflichten, vom Vertrag zur\u00fcckzutreten und die Ware zur\u00fcck\nzu verlangen.<\/p>\n\n\n\n<p><strong>4.\nVerg\u00fctung<\/strong><\/p>\n\n\n\n<p>4.1 Der angebotene Kaufpreis ist\nbindend. Im Kaufpreis ist die gesetzliche Umsatzsteuer enthalten. Beim\nVersendungskauf versteht sich der Kaufpreis zuz\u00fcglich einer Versandkostenpauschale.<\/p>\n\n\n\n<p>4.2 Der Kunde verpflichtet sich,\nnach Erhalt der Ware innerhalb von 10 Tagen den Kaufpreis zu zahlen. Die Verzugszinsen\nbelaufen sich auf 10% der Rechnungssumme.<\/p>\n\n\n\n<p><strong>5.\nLieferkonditionen<\/strong><\/p>\n\n\n\n<p>5.1 Die Lieferung erfolgt im\nNormalfall innerhalb von 14 Werktagen.<\/p>\n\n\n\n<p>5.2 Bei kombinierten Bestellungen\n(lieferbare und nicht sofort lieferbare Artikel) entscheidet der Kunde, ob er\neine getrennte oder komplette Lieferung w\u00fcnscht. Der Liefertermin richtet sich\ndann nach der Lieferzeit der z.Zt. nicht lieferbaren Artikel.<\/p>\n\n\n\n<p><strong>6.\nLieferung<\/strong><\/p>\n\n\n\n<p>6.1 Die Zustellung der Frachtpost\nerfolgt w\u00e4hrend der Woche von Montag bis Freitag durch einen von uns\nbeauftragten Dienstleister.<\/p>\n\n\n\n<p>6.2 Sollte der K\u00e4ufer eine von\nder Rechnungsanschrift abweichende Lieferadresse w\u00fcnschen, so ist dies bereits\nbei der Bestellung mitzuteilen.<\/p>\n\n\n\n<p>6.3. Beim Empfang der Ware ist\nvom K\u00e4ufer zu pr\u00fcfen, ob die Pakete unbesch\u00e4digt sind und ob die richtigen\nProdukte in der richtigen Anzahl geliefert wurden. Fehllieferungen oder\nBesch\u00e4digungen m\u00fcssen vom Zusteller quittiert werden und der Kunde muss in\ndiesem Fall binnen 2 Tage Kontakt mit der Agentur aufzunehmen, anderenfalls\nverf\u00e4llt der Anspruch. &nbsp;Die gesetzlichen\nGew\u00e4hrleistungsrechte werden hierdurch nicht ber\u00fchrt.<\/p>\n\n\n\n<p><strong>7. Gefahr\u00fcbergang<\/strong><\/p>\n\n\n\n<p>7.1.Die Gefahr des zuf\u00e4lligen\nUntergangs und der zuf\u00e4lligen Verschlechterung der Ware geht mit der \u00dcbergabe,\nbeim Versendungskauf mit der Auslieferung der Sache an den Spediteur, den\nFrachtf\u00fchrer oder der sonst zur Ausf\u00fchrung der Versendung bestimmten Person oder\nAnstalt auf den K\u00e4ufer \u00fcber.<\/p>\n\n\n\n<p><strong>8.\nGew\u00e4hrleistung<\/strong><\/p>\n\n\n\n<p>8. 1. F\u00fcr Unternehmer betr\u00e4gt die\nGew\u00e4hrleistungsfrist ein Jahr ab Ablieferung der Ware. F\u00fcr Verbraucher betr\u00e4gt\ndie Verj\u00e4hrungsfrist zwei Jahre ab Ablieferung der Ware. Bei gebrauchten Sachen\nbetr\u00e4gt die Verj\u00e4hrungsfrist ein Jahr ab Ablieferung der Ware.<\/p>\n\n\n\n<p>8.2. F\u00fcr M\u00e4ngel der Ware leistet\ndie Agentur zun\u00e4chst Gew\u00e4hrleistung durch Nachbesserung oder Ersatzlieferung.<\/p>\n\n\n\n<p>8.3 K\u00e4ufer m\u00fcssen der Agentur\noffensichtliche M\u00e4ngel innerhalb einer Frist von zwei Wochen ab Empfang der\nWare schriftlich anzeigen; anderenfalls ist die Geltendmachung des\nGew\u00e4hrleistungsanspruchs ausgeschlossen. Zur Fristwahrung gen\u00fcgt die\nrechtzeitige Absendung. Den K\u00e4ufern trifft die volle Beweislast f\u00fcr s\u00e4mtliche\nAnspruchsvoraussetzungen, insbesondere f\u00fcr den Mangel selbst, f\u00fcr den Zeitpunkt\nder Feststellung des Mangels und f\u00fcr die Rechtzeitigkeit der M\u00e4ngelr\u00fcge.<\/p>\n\n\n\n<p>8.4 Garantien im Rechtssinne\nerh\u00e4lt der Kunde durch uns nicht, mit Ausnahme der hiervon abweichenden individuellen\nVereinbarungen. Herstellergarantien bleiben hiervon unber\u00fchrt.<\/p>\n\n\n\n<p><strong>9. Haftungsbeschr\u00e4nkungen<\/strong><\/p>\n\n\n\n<p>Bei leicht fahrl\u00e4ssigen\nPflichtverletzungen beschr\u00e4nkt sich unsere Haftung auf den nach Art der Ware\nvorhersehbaren, vertragstypischen unmittelbaren Durchschnittschaden. Dies gilt\nauch bei leicht fahrl\u00e4ssigen Pflichtverletzungen unserer gesetzlichen Vertreter\noder Erf\u00fcllungsgehilfen. Anspr\u00fcche des Kunden aus Produkthaftung sind von den\nvorstehenden Haftungsbeschr\u00e4nkungen nicht betroffen. Weiter gelten die\nBeschr\u00e4nkungen nicht bei uns zurechenbaren K\u00f6rper- und Gesundheitssch\u00e4den oder\nbei Verlust des Lebens des Kunden.<\/p>\n\n\n\n<p><strong>10. Schlussbestimmungen<\/strong><\/p>\n\n\n\n<p>10.1. Erf\u00fcllungsort und\nausschlie\u00dflicher Gerichtstand ist f\u00fcr beide Teile St. P\u00f6lten. Es gilt das\n\u00f6sterreichische Recht. Es gelten die allg. Gesch\u00e4ftsbedingungen wie auf der\nHomepage ver\u00f6ffentlicht. Preis\u00e4nderungen und Satzfehler vorbehalten.\nAbweichende Bedingungen des Kunden bzw. m\u00fcndliche Vereinbarungen haben keine\nG\u00fcltigkeit.<\/p>\n\n\n\n<p>10.2 Ist der Kunde Kaufmann,\njuristische Person des \u00f6ffentlichen Rechts oder \u00f6ffentlich rechtliches\nSonderverm\u00f6gen, ist ausschlie\u00dflicher Gerichtsstand f\u00fcr alle Streitigkeiten aus\ndiesem Vertrag unser Gesch\u00e4ftssitz. Dasselbe gilt, wenn der Kunde keinen allgemeinen\nGerichtsstand in \u00d6sterreich hat oder Wohnsitz oder gew\u00f6hnlicher Aufenthalt im\nZeitpunkt der Klageerhebung nicht bekannt sind.<\/p>\n\n\n\n<p>10.3. Sollten einzelne\nBestimmungen des Vertrages mit dem Kunden einschlie\u00dflich dieser Allgemeinen\nGesch\u00e4ftsbedingungen ganz oder teilweise unwirksam sein oder werden, so wird\nhierdurch die G\u00fcltigkeit der \u00fcbrigen Bestimmungen nicht ber\u00fchrt.<\/p>\n\n\n\n<p>10.4. Die europ\u00e4ische Kommission\nstellt eine Plattform zur Online-Streitbeilegung (OS) bereit, die Sie unter\nhttp.\/\/ec.europa.eu\/consumers\/odr (externer Link) finden. Zur Teilnahme an\neinem Streitbeilegungsverfahren vor einer Verbraucherschlichtungsstelle sind\nwir nicht verpflichtet und nicht bereit.<\/p>\n\n\n\n<p>Stand: J\u00e4nner 2020<\/p>\n","protected":false},"excerpt":{"rendered":"<p>Allgemeine Gesch\u00e4ftsbedingungen 1. Allgemein 1.1 Die Gesch\u00e4ftsbedingungen gelten f\u00fcr alle Gesch\u00e4ftsbeziehungen zwischen allen Unternehmensgegenst\u00e4nden des Einzelunternehmens von Thomas Winter, Ratzersdorfer&hellip;<\/p>\n","protected":false},"author":1,"featured_media":0,"parent":0,"menu_order":0,"comment_status":"closed","ping_status":"closed","template":"","meta":{"footnotes":""},"class_list":["post-24","page","type-page","status-publish","hentry"],"yoast_head":"<!-- This site is optimized with the Yoast SEO plugin v24.9 - https:\/\/yoast.com\/wordpress\/plugins\/seo\/ -->\n<title>AGB -<\/title>\n<meta name=\"robots\" content=\"index, follow, max-snippet:-1, max-image-preview:large, max-video-preview:-1\" \/>\n<link rel=\"canonical\" href=\"https:\/\/ichbinbillig.at\/?page_id=24\" \/>\n<meta property=\"og:locale\" content=\"de_DE\" \/>\n<meta property=\"og:type\" content=\"article\" \/>\n<meta property=\"og:title\" content=\"AGB -\" \/>\n<meta property=\"og:description\" content=\"Allgemeine Gesch\u00e4ftsbedingungen 1. Allgemein 1.1 Die Gesch\u00e4ftsbedingungen gelten f\u00fcr alle Gesch\u00e4ftsbeziehungen zwischen allen Unternehmensgegenst\u00e4nden des Einzelunternehmens von Thomas Winter, Ratzersdorfer&hellip;\" \/>\n<meta property=\"og:url\" content=\"https:\/\/ichbinbillig.at\/?page_id=24\" \/>\n<meta property=\"article:modified_time\" content=\"2020-03-26T10:55:58+00:00\" \/>\n<meta name=\"twitter:card\" content=\"summary_large_image\" \/>\n<meta name=\"twitter:label1\" content=\"Gesch\u00e4tzte Lesezeit\" \/>\n\t<meta name=\"twitter:data1\" content=\"5\u00a0Minuten\" \/>\n<script type=\"application\/ld+json\" class=\"yoast-schema-graph\">{\"@context\":\"https:\/\/schema.org\",\"@graph\":[{\"@type\":\"WebPage\",\"@id\":\"https:\/\/ichbinbillig.at\/?page_id=24\",\"url\":\"https:\/\/ichbinbillig.at\/?page_id=24\",\"name\":\"AGB -\",\"isPartOf\":{\"@id\":\"https:\/\/ichbinbillig.at\/#website\"},\"datePublished\":\"2020-03-25T12:48:29+00:00\",\"dateModified\":\"2020-03-26T10:55:58+00:00\",\"breadcrumb\":{\"@id\":\"https:\/\/ichbinbillig.at\/?page_id=24#breadcrumb\"},\"inLanguage\":\"de\",\"potentialAction\":[{\"@type\":\"ReadAction\",\"target\":[\"https:\/\/ichbinbillig.at\/?page_id=24\"]}]},{\"@type\":\"BreadcrumbList\",\"@id\":\"https:\/\/ichbinbillig.at\/?page_id=24#breadcrumb\",\"itemListElement\":[{\"@type\":\"ListItem\",\"position\":1,\"name\":\"Home\",\"item\":\"https:\/\/ichbinbillig.at\/\"},{\"@type\":\"ListItem\",\"position\":2,\"name\":\"AGB\"}]},{\"@type\":\"WebSite\",\"@id\":\"https:\/\/ichbinbillig.at\/#website\",\"url\":\"https:\/\/ichbinbillig.at\/\",\"name\":\"\",\"description\":\"\",\"potentialAction\":[{\"@type\":\"SearchAction\",\"target\":{\"@type\":\"EntryPoint\",\"urlTemplate\":\"https:\/\/ichbinbillig.at\/?s={search_term_string}\"},\"query-input\":{\"@type\":\"PropertyValueSpecification\",\"valueRequired\":true,\"valueName\":\"search_term_string\"}}],\"inLanguage\":\"de\"}]}<\/script>\n<!-- \/ Yoast SEO plugin. -->","yoast_head_json":{"title":"AGB -","robots":{"index":"index","follow":"follow","max-snippet":"max-snippet:-1","max-image-preview":"max-image-preview:large","max-video-preview":"max-video-preview:-1"},"canonical":"https:\/\/ichbinbillig.at\/?page_id=24","og_locale":"de_DE","og_type":"article","og_title":"AGB -","og_description":"Allgemeine Gesch\u00e4ftsbedingungen 1. Allgemein 1.1 Die Gesch\u00e4ftsbedingungen gelten f\u00fcr alle Gesch\u00e4ftsbeziehungen zwischen allen Unternehmensgegenst\u00e4nden des Einzelunternehmens von Thomas Winter, Ratzersdorfer&hellip;","og_url":"https:\/\/ichbinbillig.at\/?page_id=24","article_modified_time":"2020-03-26T10:55:58+00:00","twitter_card":"summary_large_image","twitter_misc":{"Gesch\u00e4tzte Lesezeit":"5\u00a0Minuten"},"schema":{"@context":"https:\/\/schema.org","@graph":[{"@type":"WebPage","@id":"https:\/\/ichbinbillig.at\/?page_id=24","url":"https:\/\/ichbinbillig.at\/?page_id=24","name":"AGB -","isPartOf":{"@id":"https:\/\/ichbinbillig.at\/#website"},"datePublished":"2020-03-25T12:48:29+00:00","dateModified":"2020-03-26T10:55:58+00:00","breadcrumb":{"@id":"https:\/\/ichbinbillig.at\/?page_id=24#breadcrumb"},"inLanguage":"de","potentialAction":[{"@type":"ReadAction","target":["https:\/\/ichbinbillig.at\/?page_id=24"]}]},{"@type":"BreadcrumbList","@id":"https:\/\/ichbinbillig.at\/?page_id=24#breadcrumb","itemListElement":[{"@type":"ListItem","position":1,"name":"Home","item":"https:\/\/ichbinbillig.at\/"},{"@type":"ListItem","position":2,"name":"AGB"}]},{"@type":"WebSite","@id":"https:\/\/ichbinbillig.at\/#website","url":"https:\/\/ichbinbillig.at\/","name":"","description":"","potentialAction":[{"@type":"SearchAction","target":{"@type":"EntryPoint","urlTemplate":"https:\/\/ichbinbillig.at\/?s={search_term_string}"},"query-input":{"@type":"PropertyValueSpecification","valueRequired":true,"valueName":"search_term_string"}}],"inLanguage":"de"}]}},"jetpack_sharing_enabled":true,"_links":{"self":[{"href":"https:\/\/ichbinbillig.at\/index.php?rest_route=\/wp\/v2\/pages\/24","targetHints":{"allow":["GET"]}}],"collection":[{"href":"https:\/\/ichbinbillig.at\/index.php?rest_route=\/wp\/v2\/pages"}],"about":[{"href":"https:\/\/ichbinbillig.at\/index.php?rest_route=\/wp\/v2\/types\/page"}],"author":[{"embeddable":true,"href":"https:\/\/ichbinbillig.at\/index.php?rest_route=\/wp\/v2\/users\/1"}],"replies":[{"embeddable":true,"href":"https:\/\/ichbinbillig.at\/index.php?rest_route=%2Fwp%2Fv2%2Fcomments&post=24"}],"version-history":[{"count":3,"href":"https:\/\/ichbinbillig.at\/index.php?rest_route=\/wp\/v2\/pages\/24\/revisions"}],"predecessor-version":[{"id":72,"href":"https:\/\/ichbinbillig.at\/index.php?rest_route=\/wp\/v2\/pages\/24\/revisions\/72"}],"wp:attachment":[{"href":"https:\/\/ichbinbillig.at\/index.php?rest_route=%2Fwp%2Fv2%2Fmedia&parent=24"}],"curies":[{"name":"wp","href":"https:\/\/api.w.org\/{rel}","templated":true}]}}